{"id":139,"date":"2026-04-29T11:45:44","date_gmt":"2026-04-29T11:45:44","guid":{"rendered":"https:\/\/voss-sk.no\/?page_id=139"},"modified":"2026-04-29T12:03:51","modified_gmt":"2026-04-29T12:03:51","slug":"nyttig-info","status":"publish","type":"page","link":"https:\/\/voss-sk.no\/?page_id=139","title":{"rendered":"Nyttig info"},"content":{"rendered":"<p>Drakt-leverand\u00f8r: Spiuk (<a href=\"https:\/\/www.spiuk.no\" target=\"_blank\" rel=\"noopener noreferrer noreferrer\">https:\/\/www.spiuk.no<\/a>). Du kan og ringje dei direkte: Ingar Sporsheim, tlf. 90 06 13 71.<\/p>\n<p>Sjekk ut\u00a0<a href=\"https:\/\/sykling.no\/om-ncf\/etiske-rettningslinjer\/sykkelvett-regler\/\" target=\"_blank\" rel=\"noopener\">sykkelvit reglar p\u00e5 sykling.no<\/a>.<\/p>\n<p>Les om heil\u00e5rs sykkellisens: <a href=\"https:\/\/signup.eqtiming.com\/?Event=SykkelLisens\" target=\"_blank\" rel=\"noopener\">P\u00e5melding (eqtiming.com)<\/a><\/p>\n<p>Sykle trygt!<\/p>\n","protected":false},"excerpt":{"rendered":"<p>Drakt-leverand\u00f8r: Spiuk (https:\/\/www.spiuk.no). Du kan og ringje dei direkte: Ingar Sporsheim, tlf. 90 06 13 71. Sjekk ut\u00a0sykkelvit reglar p\u00e5 sykling.no. Les om heil\u00e5rs sykkellisens: P\u00e5melding (eqtiming.com) Sykle trygt!<\/p>\n","protected":false},"author":1,"featured_media":0,"parent":0,"menu_order":4,"comment_status":"closed","ping_status":"closed","template":"","meta":{"footnotes":""},"class_list":["post-139","page","type-page","status-publish","hentry"],"_links":{"self":[{"href":"https:\/\/voss-sk.no\/index.php?rest_route=\/wp\/v2\/pages\/139","targetHints":{"allow":["GET"]}}],"collection":[{"href":"https:\/\/voss-sk.no\/index.php?rest_route=\/wp\/v2\/pages"}],"about":[{"href":"https:\/\/voss-sk.no\/index.php?rest_route=\/wp\/v2\/types\/page"}],"author":[{"embeddable":true,"href":"https:\/\/voss-sk.no\/index.php?rest_route=\/wp\/v2\/users\/1"}],"replies":[{"embeddable":true,"href":"https:\/\/voss-sk.no\/index.php?rest_route=%2Fwp%2Fv2%2Fcomments&post=139"}],"version-history":[{"count":7,"href":"https:\/\/voss-sk.no\/index.php?rest_route=\/wp\/v2\/pages\/139\/revisions"}],"predecessor-version":[{"id":158,"href":"https:\/\/voss-sk.no\/index.php?rest_route=\/wp\/v2\/pages\/139\/revisions\/158"}],"wp:attachment":[{"href":"https:\/\/voss-sk.no\/index.php?rest_route=%2Fwp%2Fv2%2Fmedia&parent=139"}],"curies":[{"name":"wp","href":"https:\/\/api.w.org\/{rel}","templated":true}]}}